{"id":390,"date":"2021-04-01T17:34:47","date_gmt":"2021-04-01T17:34:47","guid":{"rendered":"https:\/\/drikkeleker.experience.as\/?product=ive-never-the-game-of-truth"},"modified":"2022-01-26T00:22:11","modified_gmt":"2022-01-26T00:22:11","slug":"ive-never-the-game-of-truth","status":"publish","type":"product","link":"https:\/\/drikkeleker.no\/?product=ive-never-the-game-of-truth","title":{"rendered":"I&#8217;ve Never&#8230;? The game of truth"},"content":{"rendered":"<p>Dette spillet er ganske like enkelt som det er genialt. Det er tatt utgangspunkt i en gammel kjent, popul\u00e6r drikkelek, og s\u00e5 er det laget et brettspill av det.<br \/>\nPoenget med spillet er \u00e5 f\u00e5 alle til \u00e5 utlevere seg selv med sine mest flaue opplevelser eller sexy detaljer om hva de virkelig har eller ikke har gjort.<\/p>\n<p>I brettversjonen vil brikken din lande p\u00e5 de forskjellige drikkeaktivitetene p\u00e5 brettet. Det kan hende du m\u00e5 drikke, gi bort drikke, danse, synge, snurre rundt etc.<\/p>\n<p>Dette spillet vil overraske deg, sjokkere deg og f\u00e5 deg til \u00e5 le masse. Vi garanterer! \ud83d\ude42<\/p>\n<p>Det kan ta en time eller to \u00e5 spille &#8211; avhengig av hvor mye du kan drikke&#8230;<\/p>\n<p>Regler:<br \/>\nSpillerne flytter brikkene rundt p\u00e5 bordet ved \u00e5 svare p\u00e5 &laquo;I&#8217;ve Never&raquo; sp\u00f8rsm\u00e5l. N\u00e5r en spiller lander p\u00e5 &laquo;Draw an I&#8217;ve Never Card&raquo;, m\u00e5 spilleren trekke et kort fra bunken og lese sp\u00f8rsm\u00e5let h\u00f8yt.<\/p>\n<p>Eksempel:<br \/>\nSp\u00f8rsm\u00e5l: I&#8217;ve never had sex on my roommates bed?<\/p>\n<p>Hvis det er sant, flytt et hakk frem.<\/p>\n<p>Hvis det ikke er sant, snurr rundt 5 ganger og ta en drink!<\/p>\n<p>Ved \u00e5 spille dette spillet vil du finne ut hvem av dine venner som er &laquo;engler&raquo;, og hvem som er &laquo;dirty&raquo; og hvem som er en &laquo;wannabe gigolo&raquo;.<\/p>\n<p>Det er ogs\u00e5 kort med blanke sp\u00f8rsm\u00e5l, hvor dere selv lager et sp\u00f8rsm\u00e5l.<\/p>\n<p>Noen ganger hender det at en spiller lyver, og en spiller som blir tatt i en l\u00f8gn (minst to andre spillere er enige om at han\/hun lyver) blir straffet (drikk opp drink\/\u00f8l, ta en shot, n\u00f8dt eller sannhet osv.)<\/p>\n<p>Spillet inneholder:<br \/>\nBrett, spilleregler, terning, 8 spillebrikker, 100 I&#8217;ve Never&#8230;? sp\u00f8rsm\u00e5l (10 Make Up Your Own).<\/p>\n<p>Spillet er av god kvalitet og egner seg meget godt som en gave.<\/p>\n<p>Spillet er p\u00e5 engelsk.<\/p>\n","protected":false},"excerpt":{"rendered":"<p>Et spill om sannhet, utfordringer og dype hemmeligheter. I&#8217;ve Never&#8230; er et morsomt spill som blir bedre og bedre for hver drink!<\/p>\n","protected":false},"featured_media":389,"template":"","meta":{"rating_form_position":"","rating_results_position":"","mr_structured_data_type":""},"product_brand":[],"product_cat":[21],"product_tag":[],"class_list":{"0":"post-390","1":"product","2":"type-product","3":"status-publish","4":"has-post-thumbnail","6":"product_cat-spillogleker","8":"first","9":"instock","10":"sale","11":"taxable","12":"shipping-taxable","13":"purchasable","14":"product-type-simple","15":"customify-col"},"yoast_head":"<!-- This site is optimized with the Yoast SEO plugin v27.4 - https:\/\/yoast.com\/product\/yoast-seo-wordpress\/ -->\n<title>I&#039;ve Never...? The game of truth - Drikkeleker.no<\/title>\n<meta name=\"description\" content=\"Drikkeleker.no er det selvskrevne nettsted for en perfekt fest! I tillegg til en database med mange drikkeleker har vi en egen drekka-shop!\" \/>\n<meta name=\"robots\" content=\"index, follow, max-snippet:-1, max-image-preview:large, max-video-preview:-1\" \/>\n<link rel=\"canonical\" href=\"https:\/\/drikkeleker.no\/?product=ive-never-the-game-of-truth\" \/>\n<meta property=\"og:locale\" content=\"nb_NO\" \/>\n<meta property=\"og:type\" content=\"article\" \/>\n<meta property=\"og:title\" content=\"I&#039;ve Never...? The game of truth - Drikkeleker.no\" \/>\n<meta property=\"og:description\" content=\"Drikkeleker.no er det selvskrevne nettsted for en perfekt fest! I tillegg til en database med mange drikkeleker har vi en egen drekka-shop!\" \/>\n<meta property=\"og:url\" content=\"https:\/\/drikkeleker.no\/?product=ive-never-the-game-of-truth\" \/>\n<meta property=\"og:site_name\" content=\"Drikkeleker.no\" \/>\n<meta property=\"article:modified_time\" content=\"2022-01-26T00:22:11+00:00\" \/>\n<meta property=\"og:image\" content=\"https:\/\/drikkeleker.no\/wp-content\/uploads\/2021\/04\/1180479302.jpg\" \/>\n\t<meta property=\"og:image:width\" content=\"285\" \/>\n\t<meta property=\"og:image:height\" content=\"288\" \/>\n\t<meta property=\"og:image:type\" content=\"image\/jpeg\" \/>\n<meta name=\"twitter:card\" content=\"summary_large_image\" \/>\n<meta name=\"twitter:label1\" content=\"Ansl. lesetid\" \/>\n\t<meta name=\"twitter:data1\" content=\"2 minutter\" \/>\n<script type=\"application\/ld+json\" class=\"yoast-schema-graph\">{\"@context\":\"https:\\\/\\\/schema.org\",\"@graph\":[{\"@type\":\"WebPage\",\"@id\":\"https:\\\/\\\/drikkeleker.no\\\/?product=ive-never-the-game-of-truth\",\"url\":\"https:\\\/\\\/drikkeleker.no\\\/?product=ive-never-the-game-of-truth\",\"name\":\"I've Never...? The game of truth - Drikkeleker.no\",\"isPartOf\":{\"@id\":\"https:\\\/\\\/drikkeleker.no\\\/#website\"},\"primaryImageOfPage\":{\"@id\":\"https:\\\/\\\/drikkeleker.no\\\/?product=ive-never-the-game-of-truth#primaryimage\"},\"image\":{\"@id\":\"https:\\\/\\\/drikkeleker.no\\\/?product=ive-never-the-game-of-truth#primaryimage\"},\"thumbnailUrl\":\"https:\\\/\\\/drikkeleker.no\\\/wp-content\\\/uploads\\\/2021\\\/04\\\/1180479302.jpg\",\"datePublished\":\"2021-04-01T17:34:47+00:00\",\"dateModified\":\"2022-01-26T00:22:11+00:00\",\"description\":\"Drikkeleker.no er det selvskrevne nettsted for en perfekt fest! I tillegg til en database med mange drikkeleker har vi en egen drekka-shop!\",\"breadcrumb\":{\"@id\":\"https:\\\/\\\/drikkeleker.no\\\/?product=ive-never-the-game-of-truth#breadcrumb\"},\"inLanguage\":\"nb-NO\",\"potentialAction\":[{\"@type\":\"ReadAction\",\"target\":[\"https:\\\/\\\/drikkeleker.no\\\/?product=ive-never-the-game-of-truth\"]}]},{\"@type\":\"ImageObject\",\"inLanguage\":\"nb-NO\",\"@id\":\"https:\\\/\\\/drikkeleker.no\\\/?product=ive-never-the-game-of-truth#primaryimage\",\"url\":\"https:\\\/\\\/drikkeleker.no\\\/wp-content\\\/uploads\\\/2021\\\/04\\\/1180479302.jpg\",\"contentUrl\":\"https:\\\/\\\/drikkeleker.no\\\/wp-content\\\/uploads\\\/2021\\\/04\\\/1180479302.jpg\",\"width\":285,\"height\":288},{\"@type\":\"BreadcrumbList\",\"@id\":\"https:\\\/\\\/drikkeleker.no\\\/?product=ive-never-the-game-of-truth#breadcrumb\",\"itemListElement\":[{\"@type\":\"ListItem\",\"position\":1,\"name\":\"Hjem\",\"item\":\"https:\\\/\\\/drikkeleker.no\\\/\"},{\"@type\":\"ListItem\",\"position\":2,\"name\":\"Butikk-original\",\"item\":\"https:\\\/\\\/drikkeleker.no\\\/?page_id=6\"},{\"@type\":\"ListItem\",\"position\":3,\"name\":\"I&#8217;ve Never&#8230;? The game of truth\"}]},{\"@type\":\"WebSite\",\"@id\":\"https:\\\/\\\/drikkeleker.no\\\/#website\",\"url\":\"https:\\\/\\\/drikkeleker.no\\\/\",\"name\":\"Drikkeleker.no\",\"description\":\"For en perfekt fest!\",\"publisher\":{\"@id\":\"https:\\\/\\\/drikkeleker.no\\\/#organization\"},\"potentialAction\":[{\"@type\":\"SearchAction\",\"target\":{\"@type\":\"EntryPoint\",\"urlTemplate\":\"https:\\\/\\\/drikkeleker.no\\\/?s={search_term_string}\"},\"query-input\":{\"@type\":\"PropertyValueSpecification\",\"valueRequired\":true,\"valueName\":\"search_term_string\"}}],\"inLanguage\":\"nb-NO\"},{\"@type\":\"Organization\",\"@id\":\"https:\\\/\\\/drikkeleker.no\\\/#organization\",\"name\":\"Drikkeleker.no\",\"url\":\"https:\\\/\\\/drikkeleker.no\\\/\",\"logo\":{\"@type\":\"ImageObject\",\"inLanguage\":\"nb-NO\",\"@id\":\"https:\\\/\\\/drikkeleker.no\\\/#\\\/schema\\\/logo\\\/image\\\/\",\"url\":\"https:\\\/\\\/drikkeleker.no\\\/wp-content\\\/uploads\\\/2021\\\/05\\\/damen.png\",\"contentUrl\":\"https:\\\/\\\/drikkeleker.no\\\/wp-content\\\/uploads\\\/2021\\\/05\\\/damen.png\",\"width\":475,\"height\":350,\"caption\":\"Drikkeleker.no\"},\"image\":{\"@id\":\"https:\\\/\\\/drikkeleker.no\\\/#\\\/schema\\\/logo\\\/image\\\/\"}}]}<\/script>\n<!-- \/ Yoast SEO plugin. -->","yoast_head_json":{"title":"I've Never...? The game of truth - Drikkeleker.no","description":"Drikkeleker.no er det selvskrevne nettsted for en perfekt fest! I tillegg til en database med mange drikkeleker har vi en egen drekka-shop!","robots":{"index":"index","follow":"follow","max-snippet":"max-snippet:-1","max-image-preview":"max-image-preview:large","max-video-preview":"max-video-preview:-1"},"canonical":"https:\/\/drikkeleker.no\/?product=ive-never-the-game-of-truth","og_locale":"nb_NO","og_type":"article","og_title":"I've Never...? The game of truth - Drikkeleker.no","og_description":"Drikkeleker.no er det selvskrevne nettsted for en perfekt fest! I tillegg til en database med mange drikkeleker har vi en egen drekka-shop!","og_url":"https:\/\/drikkeleker.no\/?product=ive-never-the-game-of-truth","og_site_name":"Drikkeleker.no","article_modified_time":"2022-01-26T00:22:11+00:00","og_image":[{"width":285,"height":288,"url":"https:\/\/drikkeleker.no\/wp-content\/uploads\/2021\/04\/1180479302.jpg","type":"image\/jpeg"}],"twitter_card":"summary_large_image","twitter_misc":{"Ansl. lesetid":"2 minutter"},"schema":{"@context":"https:\/\/schema.org","@graph":[{"@type":"WebPage","@id":"https:\/\/drikkeleker.no\/?product=ive-never-the-game-of-truth","url":"https:\/\/drikkeleker.no\/?product=ive-never-the-game-of-truth","name":"I've Never...? The game of truth - Drikkeleker.no","isPartOf":{"@id":"https:\/\/drikkeleker.no\/#website"},"primaryImageOfPage":{"@id":"https:\/\/drikkeleker.no\/?product=ive-never-the-game-of-truth#primaryimage"},"image":{"@id":"https:\/\/drikkeleker.no\/?product=ive-never-the-game-of-truth#primaryimage"},"thumbnailUrl":"https:\/\/drikkeleker.no\/wp-content\/uploads\/2021\/04\/1180479302.jpg","datePublished":"2021-04-01T17:34:47+00:00","dateModified":"2022-01-26T00:22:11+00:00","description":"Drikkeleker.no er det selvskrevne nettsted for en perfekt fest! I tillegg til en database med mange drikkeleker har vi en egen drekka-shop!","breadcrumb":{"@id":"https:\/\/drikkeleker.no\/?product=ive-never-the-game-of-truth#breadcrumb"},"inLanguage":"nb-NO","potentialAction":[{"@type":"ReadAction","target":["https:\/\/drikkeleker.no\/?product=ive-never-the-game-of-truth"]}]},{"@type":"ImageObject","inLanguage":"nb-NO","@id":"https:\/\/drikkeleker.no\/?product=ive-never-the-game-of-truth#primaryimage","url":"https:\/\/drikkeleker.no\/wp-content\/uploads\/2021\/04\/1180479302.jpg","contentUrl":"https:\/\/drikkeleker.no\/wp-content\/uploads\/2021\/04\/1180479302.jpg","width":285,"height":288},{"@type":"BreadcrumbList","@id":"https:\/\/drikkeleker.no\/?product=ive-never-the-game-of-truth#breadcrumb","itemListElement":[{"@type":"ListItem","position":1,"name":"Hjem","item":"https:\/\/drikkeleker.no\/"},{"@type":"ListItem","position":2,"name":"Butikk-original","item":"https:\/\/drikkeleker.no\/?page_id=6"},{"@type":"ListItem","position":3,"name":"I&#8217;ve Never&#8230;? The game of truth"}]},{"@type":"WebSite","@id":"https:\/\/drikkeleker.no\/#website","url":"https:\/\/drikkeleker.no\/","name":"Drikkeleker.no","description":"For en perfekt fest!","publisher":{"@id":"https:\/\/drikkeleker.no\/#organization"},"potentialAction":[{"@type":"SearchAction","target":{"@type":"EntryPoint","urlTemplate":"https:\/\/drikkeleker.no\/?s={search_term_string}"},"query-input":{"@type":"PropertyValueSpecification","valueRequired":true,"valueName":"search_term_string"}}],"inLanguage":"nb-NO"},{"@type":"Organization","@id":"https:\/\/drikkeleker.no\/#organization","name":"Drikkeleker.no","url":"https:\/\/drikkeleker.no\/","logo":{"@type":"ImageObject","inLanguage":"nb-NO","@id":"https:\/\/drikkeleker.no\/#\/schema\/logo\/image\/","url":"https:\/\/drikkeleker.no\/wp-content\/uploads\/2021\/05\/damen.png","contentUrl":"https:\/\/drikkeleker.no\/wp-content\/uploads\/2021\/05\/damen.png","width":475,"height":350,"caption":"Drikkeleker.no"},"image":{"@id":"https:\/\/drikkeleker.no\/#\/schema\/logo\/image\/"}}]}},"multi-rating":{"mr_rating_results":[{"adjusted_star_result":0,"star_result":0,"total_max_option_value":5,"adjusted_score_result":0,"score_result":0,"percentage_result":0,"adjusted_percentage_result":0,"count":0,"post_id":390}]},"_links":{"self":[{"href":"https:\/\/drikkeleker.no\/index.php?rest_route=\/wp\/v2\/product\/390","targetHints":{"allow":["GET"]}}],"collection":[{"href":"https:\/\/drikkeleker.no\/index.php?rest_route=\/wp\/v2\/product"}],"about":[{"href":"https:\/\/drikkeleker.no\/index.php?rest_route=\/wp\/v2\/types\/product"}],"wp:featuredmedia":[{"embeddable":true,"href":"https:\/\/drikkeleker.no\/index.php?rest_route=\/wp\/v2\/media\/389"}],"wp:attachment":[{"href":"https:\/\/drikkeleker.no\/index.php?rest_route=%2Fwp%2Fv2%2Fmedia&parent=390"}],"wp:term":[{"taxonomy":"product_brand","embeddable":true,"href":"https:\/\/drikkeleker.no\/index.php?rest_route=%2Fwp%2Fv2%2Fproduct_brand&post=390"},{"taxonomy":"product_cat","embeddable":true,"href":"https:\/\/drikkeleker.no\/index.php?rest_route=%2Fwp%2Fv2%2Fproduct_cat&post=390"},{"taxonomy":"product_tag","embeddable":true,"href":"https:\/\/drikkeleker.no\/index.php?rest_route=%2Fwp%2Fv2%2Fproduct_tag&post=390"}],"curies":[{"name":"wp","href":"https:\/\/api.w.org\/{rel}","templated":true}]}}