{"id":1052,"date":"2021-05-10T19:05:21","date_gmt":"2021-05-10T19:05:21","guid":{"rendered":"https:\/\/drikkeleker.experience.as\/?page_id=1052"},"modified":"2021-05-31T17:13:44","modified_gmt":"2021-05-31T17:13:44","slug":"forum-2","status":"publish","type":"page","link":"https:\/\/drikkeleker.no\/?page_id=1052","title":{"rendered":"Forum"},"content":{"rendered":"\n<p class=\"has-text-align-center has-medium-font-size\"><strong><a href=\"https:\/\/drikkeleker.no\/?page_id=1164\">50% p\u00e5 alt i drekka-shopen!<\/a><\/strong><\/p>\n\n\n\n<div id=\"af-wrapper\"><div id=\"forum-header\"><div id=\"forum-navigation-mobile\"><a><span class=\"fas fa-bars\"><\/span>Meny<\/a><\/div><span class=\"screen-reader-text\">Forum-navigasjon<\/span><div id=\"forum-navigation\"><a class=\"home-link\" href=\"https:\/\/drikkeleker.no\/?page_id=1052\" target=\"_self\">Forum<\/a><a class=\"activity-link\" href=\"https:\/\/drikkeleker.no\/?page_id=1052&#038;view=activity\" target=\"_self\">Aktivitet<\/a><a class=\"login-link\" href=\"https:\/\/drikkeleker.no\/wp-login.php?redirect_to=https%3A%2F%2Fdrikkeleker.no%2Findex.php%3Frest_route%3D%252Fwp%252Fv2%252Fpages%252F1052\" target=\"_self\">Logg inn<\/a><a class=\"register-link\" href=\"https:\/\/drikkeleker.no\/wp-login.php?action=register\" target=\"_self\">Registr\u00e9r<\/a><\/div><div id=\"forum-search\"><span class=\"search-icon fas fa-search\"><\/span><form method=\"get\" action=\"https:\/\/drikkeleker.no\/?page_id=1052&#038;view=search\"><input name=\"view\" type=\"hidden\" value=\"search\"><input name=\"keywords\" type=\"search\" placeholder=\"S\u00f8k ...\" value=\"\"><\/form><\/div><div class=\"clear\"><\/div><\/div><div id=\"forum-breadcrumbs\" itemscope itemtype=\"http:\/\/schema.org\/BreadcrumbList\"><span class=\"screen-reader-text\">Forum-breadcrumbs - Du er her:<\/span><span class=\"breadcrumb-icon fas fa-home\"><\/span><span itemprop=\"itemListElement\" itemscope itemtype=\"https:\/\/schema.org\/ListItem\"><a itemprop=\"item\" href=\"https:\/\/drikkeleker.no\/?page_id=1052\" title=\"Drekkaforum\"><span itemprop=\"name\">Drekkaforum<\/span><\/a><meta itemprop=\"position\" content=\"1\"><\/span><span class=\"breadcrumb-icon fas fa-chevron-right separator\"><\/span><\/div><h1 class=\"main-title main-title-\">Drekkaforum<\/h1><div class=\"title-element\" id=\"forum-category-41\">Fest og moro<span class=\"last-post-headline\">Siste innlegg<\/span><\/div><div class=\"content-container\"><div class=\"content-element forum\" id=\"forum-1\"><div class=\"forum-status unread\"><i class=\"fas fa-glass-cheers\"><\/i><\/div><div class=\"forum-name\"><a class=\"forum-title\" href=\"https:\/\/drikkeleker.no\/?page_id=1052&#038;view=forum&#038;id=1\">Drikkeleker<\/a><small class=\"forum-description\">En drikkelek skaper alltid god stemning p\u00e5 fest!<\/small><small class=\"forum-stats\">51 Emner&nbsp;&middot;&nbsp;51 innlegg<\/small><small class=\"forum-lastpost-small\">Siste innlegg:&nbsp;<a href=\"https:\/\/drikkeleker.no\/?page_id=1052&#038;view=topic&#038;id=55#postid-55\">Drikk!<\/a>&nbsp;&middot;&nbsp;<a href=\"https:\/\/drikkeleker.no\/?page_id=1052&#038;view=topic&#038;id=55#postid-55\">5 \u00e5r siden<\/a>&nbsp;&middot;&nbsp;<a class=\"profile-link highlight-default\" href=\"#\">Kristian G\u00f8bel<\/a><\/small><small class=\"forum-subforums\"><b>Underforum:<\/b>&nbsp;<a href=\"https:\/\/drikkeleker.no\/?page_id=1052&#038;view=forum&#038;id=5\">Brettspill<\/a>&nbsp;&middot;&nbsp;<a href=\"https:\/\/drikkeleker.no\/?page_id=1052&#038;view=forum&#038;id=6\">Kort<\/a>&nbsp;&middot;&nbsp;<a href=\"https:\/\/drikkeleker.no\/?page_id=1052&#038;view=forum&#038;id=7\">Mynt<\/a>&nbsp;&middot;&nbsp;<a href=\"https:\/\/drikkeleker.no\/?page_id=1052&#038;view=forum&#038;id=8\">Koordinasjon<\/a>&nbsp;&middot;&nbsp;<a href=\"https:\/\/drikkeleker.no\/?page_id=1052&#038;view=forum&#038;id=9\">Terninger<\/a>&nbsp;&middot;&nbsp;<a href=\"https:\/\/drikkeleker.no\/?page_id=1052&#038;view=forum&#038;id=10\">Lykke<\/a>&nbsp;&middot;&nbsp;<a href=\"https:\/\/drikkeleker.no\/?page_id=1052&#038;view=forum&#038;id=11\">Musikalske<\/a>&nbsp;&middot;&nbsp;<a href=\"https:\/\/drikkeleker.no\/?page_id=1052&#038;view=forum&#038;id=12\">Ping Pong<\/a>&nbsp;&middot;&nbsp;<a href=\"https:\/\/drikkeleker.no\/?page_id=1052&#038;view=forum&#038;id=13\">Video \/ Film<\/a>&nbsp;&middot;&nbsp;<a href=\"https:\/\/drikkeleker.no\/?page_id=1052&#038;view=forum&#038;id=14\">Verbale<\/a>&nbsp;&middot;&nbsp;<a href=\"https:\/\/drikkeleker.no\/?page_id=1052&#038;view=forum&#038;id=15\">Utholdenhet<\/a><\/small><\/div><div class=\"forum-poster\"><div class=\"forum-poster-avatar\"><img alt='' src='https:\/\/secure.gravatar.com\/avatar\/171a5b035d905a859fec0fdce77ea51f92fe5ad037a7f009d67c9d0d33258e30?s=40&#038;d=mm&#038;r=g' srcset='https:\/\/secure.gravatar.com\/avatar\/171a5b035d905a859fec0fdce77ea51f92fe5ad037a7f009d67c9d0d33258e30?s=80&#038;d=mm&#038;r=g 2x' class='avatar avatar-40 photo' height='40' width='40' \/><\/div><div class=\"forum-poster-summary\"><a href=\"https:\/\/drikkeleker.no\/?page_id=1052&#038;view=topic&#038;id=55#postid-55\">Drikk!<\/a><br><small><a href=\"https:\/\/drikkeleker.no\/?page_id=1052&#038;view=topic&#038;id=55#postid-55\">5 \u00e5r siden<\/a><span>&nbsp;&middot;&nbsp;<\/span><a class=\"profile-link highlight-default\" href=\"#\">Kristian G\u00f8bel<\/a><\/small><\/div><\/div><\/div><div class=\"content-element forum\" id=\"forum-2\"><div class=\"forum-status unread\"><i class=\"fab fa-youtube\"><\/i><\/div><div class=\"forum-name\"><a class=\"forum-title\" href=\"https:\/\/drikkeleker.no\/?page_id=1052&#038;view=forum&#038;id=2\">Videoer<\/a><small class=\"forum-description\">Skap en god latter og stemning p\u00e5 festen med videoene du finner her<\/small><small class=\"forum-stats\">2 Emner&nbsp;&middot;&nbsp;2 innlegg<\/small><small class=\"forum-lastpost-small\">Siste innlegg:&nbsp;<a href=\"https:\/\/drikkeleker.no\/?page_id=1052&#038;view=topic&#038;id=56#postid-56\">Helmet shot<\/a>&nbsp;&middot;&nbsp;<a href=\"https:\/\/drikkeleker.no\/?page_id=1052&#038;view=topic&#038;id=56#postid-56\">5 \u00e5r siden<\/a>&nbsp;&middot;&nbsp;<a class=\"profile-link highlight-default\" href=\"#\">Kristian G\u00f8bel<\/a><\/small><\/div><div class=\"forum-poster\"><div class=\"forum-poster-avatar\"><img alt='' src='https:\/\/secure.gravatar.com\/avatar\/171a5b035d905a859fec0fdce77ea51f92fe5ad037a7f009d67c9d0d33258e30?s=40&#038;d=mm&#038;r=g' srcset='https:\/\/secure.gravatar.com\/avatar\/171a5b035d905a859fec0fdce77ea51f92fe5ad037a7f009d67c9d0d33258e30?s=80&#038;d=mm&#038;r=g 2x' class='avatar avatar-40 photo' height='40' width='40' \/><\/div><div class=\"forum-poster-summary\"><a href=\"https:\/\/drikkeleker.no\/?page_id=1052&#038;view=topic&#038;id=56#postid-56\">Helmet shot<\/a><br><small><a href=\"https:\/\/drikkeleker.no\/?page_id=1052&#038;view=topic&#038;id=56#postid-56\">5 \u00e5r siden<\/a><span>&nbsp;&middot;&nbsp;<\/span><a class=\"profile-link highlight-default\" href=\"#\">Kristian G\u00f8bel<\/a><\/small><\/div><\/div><\/div><div class=\"content-element forum\" id=\"forum-4\"><div class=\"forum-status unread\"><i class=\"fab fa-spotify\"><\/i><\/div><div class=\"forum-name\"><a class=\"forum-title\" href=\"https:\/\/drikkeleker.no\/?page_id=1052&#038;view=forum&#038;id=4\">Spillelister<\/a><small class=\"forum-description\">Spillelister og musikkvideoer<\/small><small class=\"forum-stats\">2 Emner&nbsp;&middot;&nbsp;2 innlegg<\/small><small class=\"forum-lastpost-small\">Siste innlegg:&nbsp;<a href=\"https:\/\/drikkeleker.no\/?page_id=1052&#038;view=topic&#038;id=58#postid-58\">Dschinghis Khan - Moskau<\/a>&nbsp;&middot;&nbsp;<a href=\"https:\/\/drikkeleker.no\/?page_id=1052&#038;view=topic&#038;id=58#postid-58\">5 \u00e5r siden<\/a>&nbsp;&middot;&nbsp;<a class=\"profile-link highlight-default\" href=\"#\">Kristian G\u00f8bel<\/a><\/small><\/div><div class=\"forum-poster\"><div class=\"forum-poster-avatar\"><img alt='' src='https:\/\/secure.gravatar.com\/avatar\/171a5b035d905a859fec0fdce77ea51f92fe5ad037a7f009d67c9d0d33258e30?s=40&#038;d=mm&#038;r=g' srcset='https:\/\/secure.gravatar.com\/avatar\/171a5b035d905a859fec0fdce77ea51f92fe5ad037a7f009d67c9d0d33258e30?s=80&#038;d=mm&#038;r=g 2x' class='avatar avatar-40 photo' height='40' width='40' \/><\/div><div class=\"forum-poster-summary\"><a href=\"https:\/\/drikkeleker.no\/?page_id=1052&#038;view=topic&#038;id=58#postid-58\">Dschinghis Khan - Moskau<\/a><br><small><a href=\"https:\/\/drikkeleker.no\/?page_id=1052&#038;view=topic&#038;id=58#postid-58\">5 \u00e5r siden<\/a><span>&nbsp;&middot;&nbsp;<\/span><a class=\"profile-link highlight-default\" href=\"#\">Kristian G\u00f8bel<\/a><\/small><\/div><\/div><\/div><\/div><div id=\"read-unread\"><span class=\"indicator unread\"><\/span><span class=\"indicator-label\">Nye innlegg<\/span><span class=\"indicator read\"><\/span><span class=\"indicator-label\">Ingenting nytt<\/span><span class=\"indicator-label\"><span class=\"fas fa-check\"><\/span><a href=\"https:\/\/drikkeleker.no\/?page_id=1052&#038;view=markallread&#038;_wpnonce=67925322b1\">Merk alle som lest<\/a><\/span><span class=\"indicator-label\"><span class=\"fas fa-history\"><\/span><a href=\"https:\/\/drikkeleker.no\/?page_id=1052&#038;view=unread\">Vis uleste emner<\/a><\/span><div class=\"clear\"><\/div><\/div><div id=\"statistics\"><div class=\"title-element title-element-dark\"><span class=\"title-element-icon fas fa-chart-pie\"><\/span>Statistikk<\/div><div id=\"statistics-body\"><div id=\"statistics-elements\"><div class=\"statistics-element\"><div class=\"element-number\"><span class=\"statistics-element-icon far fa-comments\"><\/span>55<\/div><div class=\"element-name\">Emner<\/div><\/div><div class=\"statistics-element\"><div class=\"element-number\"><span class=\"statistics-element-icon far fa-comment\"><\/span>55<\/div><div class=\"element-name\">Innlegg<\/div><\/div><div class=\"statistics-element\"><div class=\"element-number\"><span class=\"statistics-element-icon far fa-eye\"><\/span>117\u00a0814<\/div><div class=\"element-name\">Visninger<\/div><\/div><div class=\"statistics-element\"><div class=\"element-number\"><span class=\"statistics-element-icon far fa-user\"><\/span>37<\/div><div class=\"element-name\">Brukere<\/div><\/div><div class=\"statistics-element\"><div class=\"element-number\"><span class=\"statistics-element-icon far fa-lightbulb\"><\/span>0<\/div><div class=\"element-name\">P\u00e5logget<\/div><\/div><\/div><div id=\"statistics-online-users\"><span class=\"online-users-icon fas fa-users\"><\/span><i>For \u00f8yeblikket er ingen online.<\/i><\/div><\/div><div class=\"clear\"><\/div><\/div><div id=\"bottom-navigation\"><\/div><div class=\"clear\"><\/div><\/div>\n\n\n\n<hr class=\"wp-block-separator\"\/>\n\n\n\n<p class=\"has-text-align-center\">Bes\u00f8k ogs\u00e5<\/p>\n\n\n\n<div class=\"wp-block-image\"><figure class=\"aligncenter size-medium\"><a href=\"http:\/\/www.sexleker.no\/\"><img loading=\"lazy\" decoding=\"async\" width=\"300\" height=\"200\" src=\"https:\/\/drikkeleker.no\/wp-content\/uploads\/2021\/05\/sexleker_ad2_web-300x200.jpg\" alt=\"\" class=\"wp-image-1233\" srcset=\"https:\/\/drikkeleker.no\/wp-content\/uploads\/2021\/05\/sexleker_ad2_web-300x200.jpg 300w, https:\/\/drikkeleker.no\/wp-content\/uploads\/2021\/05\/sexleker_ad2_web-1024x683.jpg 1024w, https:\/\/drikkeleker.no\/wp-content\/uploads\/2021\/05\/sexleker_ad2_web-768x512.jpg 768w, https:\/\/drikkeleker.no\/wp-content\/uploads\/2021\/05\/sexleker_ad2_web-600x400.jpg 600w, https:\/\/drikkeleker.no\/wp-content\/uploads\/2021\/05\/sexleker_ad2_web.jpg 1280w\" sizes=\"auto, (max-width: 300px) 100vw, 300px\" \/><\/a><\/figure><\/div>\n","protected":false},"excerpt":{"rendered":"<p>50% p\u00e5 alt i drekka-shopen! Bes\u00f8k ogs\u00e5<\/p>\n","protected":false},"author":2,"featured_media":1154,"parent":0,"menu_order":0,"comment_status":"closed","ping_status":"closed","template":"","meta":{"rating_form_position":"","rating_results_position":"","mr_structured_data_type":"","footnotes":""},"class_list":["post-1052","page","type-page","status-publish","has-post-thumbnail","hentry"],"yoast_head":"<!-- This site is optimized with the Yoast SEO plugin v27.5 - https:\/\/yoast.com\/product\/yoast-seo-wordpress\/ -->\n<title>Forum - Drikkeleker.no<\/title>\n<meta name=\"description\" content=\"Drikkeleker.no er det selvskrevne nettsted for en perfekt fest! I tillegg til en database med mange drikkeleker har vi en egen drekka-shop!\" \/>\n<meta name=\"robots\" content=\"index, follow, max-snippet:-1, max-image-preview:large, max-video-preview:-1\" \/>\n<link rel=\"canonical\" href=\"https:\/\/drikkeleker.no\/?page_id=1052\" \/>\n<meta property=\"og:locale\" content=\"nb_NO\" \/>\n<meta property=\"og:type\" content=\"article\" \/>\n<meta property=\"og:title\" content=\"Forum - Drikkeleker.no\" \/>\n<meta property=\"og:description\" content=\"Drikkeleker.no er det selvskrevne nettsted for en perfekt fest! I tillegg til en database med mange drikkeleker har vi en egen drekka-shop!\" \/>\n<meta property=\"og:url\" content=\"https:\/\/drikkeleker.no\/?page_id=1052\" \/>\n<meta property=\"og:site_name\" content=\"Drikkeleker.no\" \/>\n<meta property=\"article:modified_time\" content=\"2021-05-31T17:13:44+00:00\" \/>\n<meta property=\"og:image\" content=\"https:\/\/drikkeleker.no\/wp-content\/uploads\/2021\/05\/shutterstock_1655028820_web.png\" \/>\n\t<meta property=\"og:image:width\" content=\"1280\" \/>\n\t<meta property=\"og:image:height\" content=\"380\" \/>\n\t<meta property=\"og:image:type\" content=\"image\/png\" \/>\n<meta name=\"twitter:card\" content=\"summary_large_image\" \/>\n<meta name=\"twitter:label1\" content=\"Ansl. lesetid\" \/>\n\t<meta name=\"twitter:data1\" content=\"1 minutt\" \/>\n<script type=\"application\/ld+json\" class=\"yoast-schema-graph\">{\"@context\":\"https:\\\/\\\/schema.org\",\"@graph\":[{\"@type\":\"WebPage\",\"@id\":\"https:\\\/\\\/drikkeleker.no\\\/?page_id=1052\",\"url\":\"https:\\\/\\\/drikkeleker.no\\\/?page_id=1052\",\"name\":\"Forum - Drikkeleker.no\",\"isPartOf\":{\"@id\":\"https:\\\/\\\/drikkeleker.no\\\/#website\"},\"primaryImageOfPage\":{\"@id\":\"https:\\\/\\\/drikkeleker.no\\\/?page_id=1052#primaryimage\"},\"image\":{\"@id\":\"https:\\\/\\\/drikkeleker.no\\\/?page_id=1052#primaryimage\"},\"thumbnailUrl\":\"https:\\\/\\\/drikkeleker.no\\\/wp-content\\\/uploads\\\/2021\\\/05\\\/shutterstock_1655028820_web.png\",\"datePublished\":\"2021-05-10T19:05:21+00:00\",\"dateModified\":\"2021-05-31T17:13:44+00:00\",\"description\":\"Drikkeleker.no er det selvskrevne nettsted for en perfekt fest! I tillegg til en database med mange drikkeleker har vi en egen drekka-shop!\",\"breadcrumb\":{\"@id\":\"https:\\\/\\\/drikkeleker.no\\\/?page_id=1052#breadcrumb\"},\"inLanguage\":\"nb-NO\",\"potentialAction\":[{\"@type\":\"ReadAction\",\"target\":[\"https:\\\/\\\/drikkeleker.no\\\/?page_id=1052\"]}]},{\"@type\":\"ImageObject\",\"inLanguage\":\"nb-NO\",\"@id\":\"https:\\\/\\\/drikkeleker.no\\\/?page_id=1052#primaryimage\",\"url\":\"https:\\\/\\\/drikkeleker.no\\\/wp-content\\\/uploads\\\/2021\\\/05\\\/shutterstock_1655028820_web.png\",\"contentUrl\":\"https:\\\/\\\/drikkeleker.no\\\/wp-content\\\/uploads\\\/2021\\\/05\\\/shutterstock_1655028820_web.png\",\"width\":1280,\"height\":380},{\"@type\":\"BreadcrumbList\",\"@id\":\"https:\\\/\\\/drikkeleker.no\\\/?page_id=1052#breadcrumb\",\"itemListElement\":[{\"@type\":\"ListItem\",\"position\":1,\"name\":\"Hjem\",\"item\":\"https:\\\/\\\/drikkeleker.no\\\/\"},{\"@type\":\"ListItem\",\"position\":2,\"name\":\"Forum\"}]},{\"@type\":\"WebSite\",\"@id\":\"https:\\\/\\\/drikkeleker.no\\\/#website\",\"url\":\"https:\\\/\\\/drikkeleker.no\\\/\",\"name\":\"Drikkeleker.no\",\"description\":\"For en perfekt fest!\",\"publisher\":{\"@id\":\"https:\\\/\\\/drikkeleker.no\\\/#organization\"},\"potentialAction\":[{\"@type\":\"SearchAction\",\"target\":{\"@type\":\"EntryPoint\",\"urlTemplate\":\"https:\\\/\\\/drikkeleker.no\\\/?s={search_term_string}\"},\"query-input\":{\"@type\":\"PropertyValueSpecification\",\"valueRequired\":true,\"valueName\":\"search_term_string\"}}],\"inLanguage\":\"nb-NO\"},{\"@type\":\"Organization\",\"@id\":\"https:\\\/\\\/drikkeleker.no\\\/#organization\",\"name\":\"Drikkeleker.no\",\"url\":\"https:\\\/\\\/drikkeleker.no\\\/\",\"logo\":{\"@type\":\"ImageObject\",\"inLanguage\":\"nb-NO\",\"@id\":\"https:\\\/\\\/drikkeleker.no\\\/#\\\/schema\\\/logo\\\/image\\\/\",\"url\":\"https:\\\/\\\/drikkeleker.no\\\/wp-content\\\/uploads\\\/2021\\\/05\\\/damen.png\",\"contentUrl\":\"https:\\\/\\\/drikkeleker.no\\\/wp-content\\\/uploads\\\/2021\\\/05\\\/damen.png\",\"width\":475,\"height\":350,\"caption\":\"Drikkeleker.no\"},\"image\":{\"@id\":\"https:\\\/\\\/drikkeleker.no\\\/#\\\/schema\\\/logo\\\/image\\\/\"}}]}<\/script>\n<!-- \/ Yoast SEO plugin. -->","yoast_head_json":{"title":"Forum - Drikkeleker.no","description":"Drikkeleker.no er det selvskrevne nettsted for en perfekt fest! I tillegg til en database med mange drikkeleker har vi en egen drekka-shop!","robots":{"index":"index","follow":"follow","max-snippet":"max-snippet:-1","max-image-preview":"max-image-preview:large","max-video-preview":"max-video-preview:-1"},"canonical":"https:\/\/drikkeleker.no\/?page_id=1052","og_locale":"nb_NO","og_type":"article","og_title":"Forum - Drikkeleker.no","og_description":"Drikkeleker.no er det selvskrevne nettsted for en perfekt fest! I tillegg til en database med mange drikkeleker har vi en egen drekka-shop!","og_url":"https:\/\/drikkeleker.no\/?page_id=1052","og_site_name":"Drikkeleker.no","article_modified_time":"2021-05-31T17:13:44+00:00","og_image":[{"width":1280,"height":380,"url":"https:\/\/drikkeleker.no\/wp-content\/uploads\/2021\/05\/shutterstock_1655028820_web.png","type":"image\/png"}],"twitter_card":"summary_large_image","twitter_misc":{"Ansl. lesetid":"1 minutt"},"schema":{"@context":"https:\/\/schema.org","@graph":[{"@type":"WebPage","@id":"https:\/\/drikkeleker.no\/?page_id=1052","url":"https:\/\/drikkeleker.no\/?page_id=1052","name":"Forum - Drikkeleker.no","isPartOf":{"@id":"https:\/\/drikkeleker.no\/#website"},"primaryImageOfPage":{"@id":"https:\/\/drikkeleker.no\/?page_id=1052#primaryimage"},"image":{"@id":"https:\/\/drikkeleker.no\/?page_id=1052#primaryimage"},"thumbnailUrl":"https:\/\/drikkeleker.no\/wp-content\/uploads\/2021\/05\/shutterstock_1655028820_web.png","datePublished":"2021-05-10T19:05:21+00:00","dateModified":"2021-05-31T17:13:44+00:00","description":"Drikkeleker.no er det selvskrevne nettsted for en perfekt fest! I tillegg til en database med mange drikkeleker har vi en egen drekka-shop!","breadcrumb":{"@id":"https:\/\/drikkeleker.no\/?page_id=1052#breadcrumb"},"inLanguage":"nb-NO","potentialAction":[{"@type":"ReadAction","target":["https:\/\/drikkeleker.no\/?page_id=1052"]}]},{"@type":"ImageObject","inLanguage":"nb-NO","@id":"https:\/\/drikkeleker.no\/?page_id=1052#primaryimage","url":"https:\/\/drikkeleker.no\/wp-content\/uploads\/2021\/05\/shutterstock_1655028820_web.png","contentUrl":"https:\/\/drikkeleker.no\/wp-content\/uploads\/2021\/05\/shutterstock_1655028820_web.png","width":1280,"height":380},{"@type":"BreadcrumbList","@id":"https:\/\/drikkeleker.no\/?page_id=1052#breadcrumb","itemListElement":[{"@type":"ListItem","position":1,"name":"Hjem","item":"https:\/\/drikkeleker.no\/"},{"@type":"ListItem","position":2,"name":"Forum"}]},{"@type":"WebSite","@id":"https:\/\/drikkeleker.no\/#website","url":"https:\/\/drikkeleker.no\/","name":"Drikkeleker.no","description":"For en perfekt fest!","publisher":{"@id":"https:\/\/drikkeleker.no\/#organization"},"potentialAction":[{"@type":"SearchAction","target":{"@type":"EntryPoint","urlTemplate":"https:\/\/drikkeleker.no\/?s={search_term_string}"},"query-input":{"@type":"PropertyValueSpecification","valueRequired":true,"valueName":"search_term_string"}}],"inLanguage":"nb-NO"},{"@type":"Organization","@id":"https:\/\/drikkeleker.no\/#organization","name":"Drikkeleker.no","url":"https:\/\/drikkeleker.no\/","logo":{"@type":"ImageObject","inLanguage":"nb-NO","@id":"https:\/\/drikkeleker.no\/#\/schema\/logo\/image\/","url":"https:\/\/drikkeleker.no\/wp-content\/uploads\/2021\/05\/damen.png","contentUrl":"https:\/\/drikkeleker.no\/wp-content\/uploads\/2021\/05\/damen.png","width":475,"height":350,"caption":"Drikkeleker.no"},"image":{"@id":"https:\/\/drikkeleker.no\/#\/schema\/logo\/image\/"}}]}},"multi-rating":{"mr_rating_results":[]},"_links":{"self":[{"href":"https:\/\/drikkeleker.no\/index.php?rest_route=\/wp\/v2\/pages\/1052","targetHints":{"allow":["GET"]}}],"collection":[{"href":"https:\/\/drikkeleker.no\/index.php?rest_route=\/wp\/v2\/pages"}],"about":[{"href":"https:\/\/drikkeleker.no\/index.php?rest_route=\/wp\/v2\/types\/page"}],"author":[{"embeddable":true,"href":"https:\/\/drikkeleker.no\/index.php?rest_route=\/wp\/v2\/users\/2"}],"replies":[{"embeddable":true,"href":"https:\/\/drikkeleker.no\/index.php?rest_route=%2Fwp%2Fv2%2Fcomments&post=1052"}],"version-history":[{"count":6,"href":"https:\/\/drikkeleker.no\/index.php?rest_route=\/wp\/v2\/pages\/1052\/revisions"}],"predecessor-version":[{"id":1303,"href":"https:\/\/drikkeleker.no\/index.php?rest_route=\/wp\/v2\/pages\/1052\/revisions\/1303"}],"wp:featuredmedia":[{"embeddable":true,"href":"https:\/\/drikkeleker.no\/index.php?rest_route=\/wp\/v2\/media\/1154"}],"wp:attachment":[{"href":"https:\/\/drikkeleker.no\/index.php?rest_route=%2Fwp%2Fv2%2Fmedia&parent=1052"}],"curies":[{"name":"wp","href":"https:\/\/api.w.org\/{rel}","templated":true}]}}